12-29 16:14:04.720 15286 15286 I EngineFactory: Provider GmsCore_OpenSSL not available
12-29 16:14:04.721 15286 15286 D ConnectivityManager: requestNetwork; CallingUid : 10184, CallingPid : 15286
12-29 16:14:04.735 15286 15286 D NetworkSecurityConfig: Using Network Security Config from resource network_security_config debugBuild: false
12-29 16:14:04.853 15286 15286 D MainActivity: onCreate()
12-29 16:14:04.859 15286 15286 D skia : --- SkAndroidCodec::NewFromStream returned null
12-29 16:14:04.904 15286 15286 I zygote64: Rejecting re-init on previously-failed class java.lang.Class: java.lang.NoClassDefFoundError: Failed resolution of: Landroid/view/View$OnUnhandledKeyEventListener;
12-29 16:14:04.904 15286 15286 I zygote64: at void androidx.core.view.ViewCompat.setOnApplyWindowInsetsListener(android.view.View, androidx.core.view.OnApplyWindowInsetsListener) (ViewCompat.java:2463)
12-29 16:14:04.904 15286 15286 I zygote64: at android.view.ViewGroup androidx.appcompat.app.AppCompatDelegateImpl.createSubDecor() (AppCompatDelegateImpl.java:938)
12-29 16:14:04.904 15286 15286 I zygote64: at void androidx.appcompat.app.AppCompatDelegateImpl.ensureSubDecor() (AppCompatDelegateImpl.java:806)
12-29 16:14:04.904 15286 15286 I zygote64: at void androidx.appcompat.app.AppCompatDelegateImpl.setContentView(int) (AppCompatDelegateImpl.java:693)
12-29 16:14:04.904 15286 15286 I zygote64: at void androidx.appcompat.app.AppCompatActivity.setContentView(int) (AppCompatActivity.java:170)
12-29 16:14:04.904 15286 15286 I zygote64: at void org.openhab.habdroid.ui.MainActivity.onCreate(android.os.Bundle) (MainActivity.kt:189)
12-29 16:14:04.904 15286 15286 I zygote64: at void android.app.Activity.performCreate(android.os.Bundle) (Activity.java:7183)
12-29 16:14:04.904 15286 15286 I zygote64: at void android.app.Instrumentation.callActivityOnCreate(android.app.Activity, android.os.Bundle) (Instrumentation.java:1220)
12-29 16:14:04.904 15286 15286 I zygote64: at android.app.Activity android.app.ActivityThread.performLaunchActivity(android.app.ActivityThread$ActivityClientRecord, android.content.Intent) (ActivityThread.java:2910)
12-29 16:14:04.904 15286 15286 I zygote64: at void android.app.ActivityThread.handleLaunchActivity(android.app.ActivityThread$ActivityClientRecord, android.content.Intent, java.lang.String) (ActivityThread.java:3032)
12-29 16:14:04.904 15286 15286 I zygote64: at void android.app.ActivityThread.-wrap11(android.app.ActivityThread, android.app.ActivityThread$ActivityClientRecord, android.content.Intent, java.lang.String) (ActivityThread.java:-1)
12-29 16:14:04.904 15286 15286 I zygote64: at void android.app.ActivityThread$H.handleMessage(android.os.Message) (ActivityThread.java:1696)
12-29 16:14:04.904 15286 15286 I zygote64: at void android.os.Handler.dispatchMessage(android.os.Message) (Handler.java:105)
12-29 16:14:04.904 15286 15286 I zygote64: at void android.os.Looper.loop() (Looper.java:164)
12-29 16:14:04.904 15286 15286 I zygote64: at void android.app.ActivityThread.main(java.lang.String[]) (ActivityThread.java:6944)
12-29 16:14:04.904 15286 15286 I zygote64: at java.lang.Object java.lang.reflect.Method.invoke(java.lang.Object, java.lang.Object[]) (Method.java:-2)
12-29 16:14:04.904 15286 15286 I zygote64: at void com.android.internal.os.Zygote$MethodAndArgsCaller.run() (Zygote.java:327)
12-29 16:14:04.904 15286 15286 I zygote64: at void com.android.internal.os.ZygoteInit.main(java.lang.String[]) (ZygoteInit.java:1374)
12-29 16:14:04.904 15286 15286 I zygote64: Caused by: java.lang.ClassNotFoundException: Didn't find class "android.view.View$OnUnhandledKeyEventListener" on path: DexPathList[[zip file "/data/app/org.openhab.habdroid.beta-1nmPcH1CyCiIneT5xqpuTQ==/base.apk"],nativeLibraryDirectories=[/data/app/org.openhab.habdroid.beta-1nmPcH1CyCiIneT5xqpuTQ==/lib/arm64, /system/lib64, /system/vendor/lib64]]
12-29 16:14:04.904 15286 15286 I zygote64: at java.lang.Class dalvik.system.BaseDexClassLoader.findClass(java.lang.String) (BaseDexClassLoader.java:93)
12-29 16:14:04.904 15286 15286 I zygote64: at java.lang.Class java.lang.ClassLoader.loadClass(java.lang.String, boolean) (ClassLoader.java:379)
12-29 16:14:04.904 15286 15286 I zygote64: at java.lang.Class java.lang.ClassLoader.loadClass(java.lang.String) (ClassLoader.java:312)
12-29 16:14:04.904 15286 15286 I zygote64: at void androidx.core.view.ViewCompat.setOnApplyWindowInsetsListener(android.view.View, androidx.core.view.OnApplyWindowInsetsListener) (ViewCompat.java:2463)
12-29 16:14:04.904 15286 15286 I zygote64: at android.view.ViewGroup androidx.appcompat.app.AppCompatDelegateImpl.createSubDecor() (AppCompatDelegateImpl.java:938)
12-29 16:14:04.904 15286 15286 I zygote64: at void androidx.appcompat.app.AppCompatDelegateImpl.ensureSubDecor() (AppCompatDelegateImpl.java:806)
12-29 16:14:04.904 15286 15286 I zygote64: at void androidx.appcompat.app.AppCompatDelegateImpl.setContentView(int) (AppCompatDelegateImpl.java:693)
12-29 16:14:04.904 15286 15286 I zygote64: at void androidx.appcompat.app.AppCompatActivity.setContentView(int) (AppCompatActivity.java:170)
12-29 16:14:04.904 15286 15286 I zygote64: at void org.openhab.habdroid.ui.MainActivity.onCreate(android.os.Bundle) (MainActivity.kt:189)
12-29 16:14:04.904 15286 15286 I zygote64: at void android.app.Activity.performCreate(android.os.Bundle) (Activity.java:7183)
12-29 16:14:04.904 15286 15286 I zygote64: at void android.app.Instrumentation.callActivityOnCreate(android.app.Activity, android.os.Bundle) (Instrumentation.java:1220)
12-29 16:14:04.904 15286 15286 I zygote64: at android.app.Activity android.app.ActivityThread.performLaunchActivity(android.app.ActivityThread$ActivityClientRecord, android.content.Intent) (ActivityThread.java:2910)
12-29 16:14:04.904 15286 15286 I zygote64: at void android.app.ActivityThread.handleLaunchActivity(android.app.ActivityThread$ActivityClientRecord, android.content.Intent, java.lang.String) (ActivityThread.java:3032)
12-29 16:14:04.904 15286 15286 I zygote64: at void android.app.ActivityThread.-wrap11(android.app.ActivityThread, android.app.ActivityThread$ActivityClientRecord, android.content.Intent, java.lang.String) (ActivityThread.java:-1)
12-29 16:14:04.904 15286 15286 I zygote64: at void android.app.ActivityThread$H.handleMessage(android.os.Message) (ActivityThread.java:1696)
12-29 16:14:04.904 15286 15286 I zygote64: at void android.os.Handler.dispatchMessage(android.os.Message) (Handler.java:105)
12-29 16:14:04.904 15286 15286 I zygote64: at void android.os.Looper.loop() (Looper.java:164)
12-29 16:14:04.904 15286 15286 I zygote64: at void android.app.ActivityThread.main(java.lang.String[]) (ActivityThread.java:6944)
12-29 16:14:04.904 15286 15286 I zygote64: at java.lang.Object java.lang.reflect.Method.invoke(java.lang.Object, java.lang.Object[]) (Method.java:-2)
12-29 16:14:04.904 15286 15286 I zygote64: at void com.android.internal.os.Zygote$MethodAndArgsCaller.run() (Zygote.java:327)
12-29 16:14:04.904 15286 15286 I zygote64: at void com.android.internal.os.ZygoteInit.main(java.lang.String[]) (ZygoteInit.java:1374)
12-29 16:14:04.904 15286 15286 I zygote64:
12-29 16:14:04.905 15286 15286 I zygote64: Rejecting re-init on previously-failed class java.lang.Class: java.lang.NoClassDefFoundError: Failed resolution of: Landroid/view/View$OnUnhandledKeyEventListener;
12-29 16:14:04.905 15286 15286 I zygote64: at void androidx.core.view.ViewCompat.setOnApplyWindowInsetsListener(android.view.View, androidx.core.view.OnApplyWindowInsetsListener) (ViewCompat.java:2463)
12-29 16:14:04.905 15286 15286 I zygote64: at android.view.ViewGroup androidx.appcompat.app.AppCompatDelegateImpl.createSubDecor() (AppCompatDelegateImpl.java:938)
12-29 16:14:04.905 15286 15286 I zygote64: at void androidx.appcompat.app.AppCompatDelegateImpl.ensureSubDecor() (AppCompatDelegateImpl.java:806)
12-29 16:14:04.905 15286 15286 I zygote64: at void androidx.appcompat.app.AppCompatDelegateImpl.setContentView(int) (AppCompatDelegateImpl.java:693)
12-29 16:14:04.905 15286 15286 I zygote64: at void androidx.appcompat.app.AppCompatActivity.setContentView(int) (AppCompatActivity.java:170)
12-29 16:14:04.905 15286 15286 I zygote64: at void org.openhab.habdroid.ui.MainActivity.onCreate(android.os.Bundle) (MainActivity.kt:189)
12-29 16:14:04.905 15286 15286 I zygote64: at void android.app.Activity.performCreate(android.os.Bundle) (Activity.java:7183)
12-29 16:14:04.905 15286 15286 I zygote64: at void android.app.Instrumentation.callActivityOnCreate(android.app.Activity, android.os.Bundle) (Instrumentation.java:1220)
12-29 16:14:04.905 15286 15286 I zygote64: at android.app.Activity android.app.ActivityThread.performLaunchActivity(android.app.ActivityThread$ActivityClientRecord, android.content.Intent) (ActivityThread.java:2910)
12-29 16:14:04.905 15286 15286 I zygote64: at void android.app.ActivityThread.handleLaunchActivity(android.app.ActivityThread$ActivityClientRecord, android.content.Intent, java.lang.String) (ActivityThread.java:3032)
12-29 16:14:04.905 15286 15286 I zygote64: at void android.app.ActivityThread.-wrap11(android.app.ActivityThread, android.app.ActivityThread$ActivityClientRecord, android.content.Intent, java.lang.String) (ActivityThread.java:-1)
12-29 16:14:04.905 15286 15286 I zygote64: at void android.app.ActivityThread$H.handleMessage(android.os.Message) (ActivityThread.java:1696)
12-29 16:14:04.905 15286 15286 I zygote64: at void android.os.Handler.dispatchMessage(android.os.Message) (Handler.java:105)
12-29 16:14:04.905 15286 15286 I zygote64: at void android.os.Looper.loop() (Looper.java:164)
12-29 16:14:04.905 15286 15286 I zygote64: at void android.app.ActivityThread.main(java.lang.String[]) (ActivityThread.java:6944)
12-29 16:14:04.905 15286 15286 I zygote64: at java.lang.Object java.lang.reflect.Method.invoke(java.lang.Object, java.lang.Object[]) (Method.java:-2)
12-29 16:14:04.905 15286 15286 I zygote64: at void com.android.internal.os.Zygote$MethodAndArgsCaller.run() (Zygote.java:327)
12-29 16:14:04.905 15286 15286 I zygote64: at void com.android.internal.os.ZygoteInit.main(java.lang.String[]) (ZygoteInit.java:1374)
12-29 16:14:04.905 15286 15286 I zygote64: Caused by: java.lang.ClassNotFoundException: Didn't find class "android.view.View$OnUnhandledKeyEventListener" on path: DexPathList[[zip file "/data/app/org.openhab.habdroid.beta-1nmPcH1CyCiIneT5xqpuTQ==/base.apk"],nativeLibraryDirectories=[/data/app/org.openhab.habdroid.beta-1nmPcH1CyCiIneT5xqpuTQ==/lib/arm64, /system/lib64, /system/vendor/lib64]]
12-29 16:14:04.905 15286 15286 I zygote64: at java.lang.Class dalvik.system.BaseDexClassLoader.findClass(java.lang.String) (BaseDexClassLoader.java:93)
12-29 16:14:04.905 15286 15286 I zygote64: at java.lang.Class java.lang.ClassLoader.loadClass(java.lang.String, boolean) (ClassLoader.java:379)
12-29 16:14:04.905 15286 15286 I zygote64: at java.lang.Class java.lang.ClassLoader.loadClass(java.lang.String) (ClassLoader.java:312)
12-29 16:14:04.905 15286 15286 I zygote64: at void androidx.core.view.ViewCompat.setOnApplyWindowInsetsListener(android.view.View, androidx.core.view.OnApplyWindowInsetsListener) (ViewCompat.java:2463)
12-29 16:14:04.905 15286 15286 I zygote64: at android.view.ViewGroup androidx.appcompat.app.AppCompatDelegateImpl.createSubDecor() (AppCompatDelegateImpl.java:938)
12-29 16:14:04.905 15286 15286 I zygote64: at void androidx.appcompat.app.AppCompatDelegateImpl.ensureSubDecor() (AppCompatDelegateImpl.java:806)
12-29 16:14:04.905 15286 15286 I zygote64: at void androidx.appcompat.app.AppCompatDelegateImpl.setContentView(int) (AppCompatDelegateImpl.java:693)
12-29 16:14:04.905 15286 15286 I zygote64: at void androidx.appcompat.app.AppCompatActivity.setContentView(int) (AppCompatActivity.java:170)
12-29 16:14:04.905 15286 15286 I zygote64: at void org.openhab.habdroid.ui.MainActivity.onCreate(android.os.Bundle) (MainActivity.kt:189)
12-29 16:14:04.905 15286 15286 I zygote64: at void android.app.Activity.performCreate(android.os.Bundle) (Activity.java:7183)
12-29 16:14:04.905 15286 15286 I zygote64: at void android.app.Instrumentation.callActivityOnCreate(android.app.Activity, android.os.Bundle) (Instrumentation.java:1220)
12-29 16:14:04.905 15286 15286 I zygote64: at android.app.Activity android.app.ActivityThread.performLaunchActivity(android.app.ActivityThread$ActivityClientRecord, android.content.Intent) (ActivityThread.java:2910)
12-29 16:14:04.905 15286 15286 I zygote64: at void android.app.ActivityThread.handleLaunchActivity(android.app.ActivityThread$ActivityClientRecord, android.content.Intent, java.lang.String) (ActivityThread.java:3032)
12-29 16:14:04.905 15286 15286 I zygote64: at void android.app.ActivityThread.-wrap11(android.app.ActivityThread, android.app.ActivityThread$ActivityClientRecord, android.content.Intent, java.lang.String) (ActivityThread.java:-1)
12-29 16:14:04.905 15286 15286 I zygote64: at void android.app.ActivityThread$H.handleMessage(android.os.Message) (ActivityThread.java:1696)
12-29 16:14:04.905 15286 15286 I zygote64: at void android.os.Handler.dispatchMessage(android.os.Message) (Handler.java:105)
12-29 16:14:04.905 15286 15286 I zygote64: at void android.os.Looper.loop() (Looper.java:164)
12-29 16:14:04.905 15286 15286 I zygote64: at void android.app.ActivityThread.main(java.lang.String[]) (ActivityThread.java:6944)
12-29 16:14:04.905 15286 15286 I zygote64: at java.lang.Object java.lang.reflect.Method.invoke(java.lang.Object, java.lang.Object[]) (Method.java:-2)
12-29 16:14:04.905 15286 15286 I zygote64: at void com.android.internal.os.Zygote$MethodAndArgsCaller.run() (Zygote.java:327)
12-29 16:14:04.905 15286 15286 I zygote64: at void com.android.internal.os.ZygoteInit.main(java.lang.String[]) (ZygoteInit.java:1374)
12-29 16:14:04.905 15286 15286 I zygote64:
12-29 16:14:04.905 15286 15286 I zygote64: Rejecting re-init on previously-failed class java.lang.Class: java.lang.NoClassDefFoundError: Failed resolution of: Landroid/view/View$OnUnhandledKeyEventListener;
12-29 16:14:04.905 15286 15286 I zygote64: at void androidx.core.view.ViewCompat.setOnApplyWindowInsetsListener(android.view.View, androidx.core.view.OnApplyWindowInsetsListener) (ViewCompat.java:2463)
12-29 16:14:04.905 15286 15286 I zygote64: at android.view.ViewGroup androidx.appcompat.app.AppCompatDelegateImpl.createSubDecor() (AppCompatDelegateImpl.java:938)
12-29 16:14:04.905 15286 15286 I zygote64: at void androidx.appcompat.app.AppCompatDelegateImpl.ensureSubDecor() (AppCompatDelegateImpl.java:806)
12-29 16:14:04.905 15286 15286 I zygote64: at void androidx.appcompat.app.AppCompatDelegateImpl.setContentView(int) (AppCompatDelegateImpl.java:693)
12-29 16:14:04.905 15286 15286 I zygote64: at void androidx.appcompat.app.AppCompatActivity.setContentView(int) (AppCompatActivity.java:170)
12-29 16:14:04.905 15286 15286 I zygote64: at void org.openhab.habdroid.ui.MainActivity.onCreate(android.os.Bundle) (MainActivity.kt:189)
12-29 16:14:04.905 15286 15286 I zygote64: at void android.app.Activity.performCreate(android.os.Bundle) (Activity.java:7183)
12-29 16:14:04.905 15286 15286 I zygote64: at void android.app.Instrumentation.callActivityOnCreate(android.app.Activity, android.os.Bundle) (Instrumentation.java:1220)
12-29 16:14:04.905 15286 15286 I zygote64: at android.app.Activity android.app.ActivityThread.performLaunchActivity(android.app.ActivityThread$ActivityClientRecord, android.content.Intent) (ActivityThread.java:2910)
12-29 16:14:04.905 15286 15286 I zygote64: at void android.app.ActivityThread.handleLaunchActivity(android.app.ActivityThread$ActivityClientRecord, android.content.Intent, java.lang.String) (ActivityThread.java:3032)
12-29 16:14:04.905 15286 15286 I zygote64: at void android.app.ActivityThread.-wrap11(android.app.ActivityThread, android.app.ActivityThread$ActivityClientRecord, android.content.Intent, java.lang.String) (ActivityThread.java:-1)
12-29 16:14:04.905 15286 15286 I zygote64: at void android.app.ActivityThread$H.handleMessage(android.os.Message) (ActivityThread.java:1696)
12-29 16:14:04.905 15286 15286 I zygote64: at void android.os.Handler.dispatchMessage(android.os.Message) (Handler.java:105)
12-29 16:14:04.905 15286 15286 I zygote64: at void android.os.Looper.loop() (Looper.java:164)
12-29 16:14:04.905 15286 15286 I zygote64: at void android.app.ActivityThread.main(java.lang.String[]) (ActivityThread.java:6944)
12-29 16:14:04.905 15286 15286 I zygote64: at java.lang.Object java.lang.reflect.Method.invoke(java.lang.Object, java.lang.Object[]) (Method.java:-2)
12-29 16:14:04.905 15286 15286 I zygote64: at void com.android.internal.os.Zygote$MethodAndArgsCaller.run() (Zygote.java:327)
12-29 16:14:04.905 15286 15286 I zygote64: at void com.android.internal.os.ZygoteInit.main(java.lang.String[]) (ZygoteInit.java:1374)
12-29 16:14:04.905 15286 15286 I zygote64: Caused by: java.lang.ClassNotFoundException: Didn't find class "android.view.View$OnUnhandledKeyEventListener" on path: DexPathList[[zip file "/data/app/org.openhab.habdroid.beta-1nmPcH1CyCiIneT5xqpuTQ==/base.apk"],nativeLibraryDirectories=[/data/app/org.openhab.habdroid.beta-1nmPcH1CyCiIneT5xqpuTQ==/lib/arm64, /system/lib64, /system/vendor/lib64]]
12-29 16:14:04.905 15286 15286 I zygote64: at java.lang.Class dalvik.system.BaseDexClassLoader.findClass(java.lang.String) (BaseDexClassLoader.java:93)
12-29 16:14:04.905 15286 15286 I zygote64: at java.lang.Class java.lang.ClassLoader.loadClass(java.lang.String, boolean) (ClassLoader.java:379)
12-29 16:14:04.905 15286 15286 I zygote64: at java.lang.Class java.lang.ClassLoader.loadClass(java.lang.String) (ClassLoader.java:312)
12-29 16:14:04.905 15286 15286 I zygote64: at void androidx.core.view.ViewCompat.setOnApplyWindowInsetsListener(android.view.View, androidx.core.view.OnApplyWindowInsetsListener) (ViewCompat.java:2463)
12-29 16:14:04.905 15286 15286 I zygote64: at android.view.ViewGroup androidx.appcompat.app.AppCompatDelegateImpl.createSubDecor() (AppCompatDelegateImpl.java:938)
12-29 16:14:04.905 15286 15286 I zygote64: at void androidx.appcompat.app.AppCompatDelegateImpl.ensureSubDecor() (AppCompatDelegateImpl.java:806)
12-29 16:14:04.905 15286 15286 I zygote64: at void androidx.appcompat.app.AppCompatDelegateImpl.setContentView(int) (AppCompatDelegateImpl.java:693)
12-29 16:14:04.905 15286 15286 I zygote64: at void androidx.appcompat.app.AppCompatActivity.setContentView(int) (AppCompatActivity.java:170)
12-29 16:14:04.905 15286 15286 I zygote64: at void org.openhab.habdroid.ui.MainActivity.onCreate(android.os.Bundle) (MainActivity.kt:189)
12-29 16:14:04.905 15286 15286 I zygote64: at void android.app.Activity.performCreate(android.os.Bundle) (Activity.java:7183)
12-29 16:14:04.905 15286 15286 I zygote64: at void android.app.Instrumentation.callActivityOnCreate(android.app.Activity, android.os.Bundle) (Instrumentation.java:1220)
12-29 16:14:04.905 15286 15286 I zygote64: at android.app.Activity android.app.ActivityThread.performLaunchActivity(android.app.ActivityThread$ActivityClientRecord, android.content.Intent) (ActivityThread.java:2910)
12-29 16:14:04.905 15286 15286 I zygote64: at void android.app.ActivityThread.handleLaunchActivity(android.app.ActivityThread$ActivityClientRecord, android.content.Intent, java.lang.String) (ActivityThread.java:3032)
12-29 16:14:04.905 15286 15286 I zygote64: at void android.app.ActivityThread.-wrap11(android.app.ActivityThread, android.app.ActivityThread$ActivityClientRecord, android.content.Intent, java.lang.String) (ActivityThread.java:-1)
12-29 16:14:04.905 15286 15286 I zygote64: at void android.app.ActivityThread$H.handleMessage(android.os.Message) (ActivityThread.java:1696)
12-29 16:14:04.905 15286 15286 I zygote64: at void android.os.Handler.dispatchMessage(android.os.Message) (Handler.java:105)
12-29 16:14:04.905 15286 15286 I zygote64: at void android.os.Looper.loop() (Looper.java:164)
12-29 16:14:04.906 15286 15286 I zygote64: at void android.app.ActivityThread.main(java.lang.String[]) (ActivityThread.java:6944)
12-29 16:14:04.906 15286 15286 I zygote64: at java.lang.Object java.lang.reflect.Method.invoke(java.lang.Object, java.lang.Object[]) (Method.java:-2)
12-29 16:14:04.906 15286 15286 I zygote64: at void com.android.internal.os.Zygote$MethodAndArgsCaller.run() (Zygote.java:327)
12-29 16:14:04.906 15286 15286 I zygote64: at void com.android.internal.os.ZygoteInit.main(java.lang.String[]) (ZygoteInit.java:1374)
12-29 16:14:04.906 15286 15286 I zygote64:
12-29 16:14:04.912 15286 15286 I AppCompatViewInflater: app:theme is now deprecated. Please move to using android:theme instead.
12-29 16:14:04.949 15286 15286 D MainActivity: Got intent: Intent { act=android.intent.action.MAIN cat=[android.intent.category.LAUNCHER] flg=0x10200000 cmp=org.openhab.habdroid.beta/org.openhab.habdroid.ui.MainActivity bnds=[543,792][794,1104] (has extras) }
12-29 16:14:04.954 15286 15286 D MainActivity: onStart()
12-29 16:14:04.955 15286 15286 D PageConnectionHolderFragment: onStart(), started false
12-29 16:14:04.969 15286 15286 D MainActivity: onActiveConnectionChanged()
12-29 16:14:04.970 15286 15286 D ContentController: Indicate no network (message Network is not available)
12-29 16:14:04.970 15286 15286 D PageConnectionHolderFragment: updateActiveConnections: URL list [], connection null
12-29 16:14:04.975 15286 15286 D MainActivity: Cannot auto select server: No server with configured wifi
12-29 16:14:04.976 15286 15286 D MainActivity: onPostCreate()
12-29 16:14:04.977 15286 15286 D MainActivity: onResume()
12-29 16:14:04.984 15286 15286 D ScrollView: initGoToTop --------- beginning of events
12-29 16:14:05.003 15286 15286 I am_on_resume_called: [0,org.openhab.habdroid.ui.MainActivity,LAUNCH_ACTIVITY]
12-29 16:14:05.011 15286 15328 D OpenGLRenderer: HWUI GL Pipeline
12-29 16:14:05.016 15286 15286 D ViewRootImpl@c258ea5[MainActivity]: setView = DecorView@612327a[MainActivity] TM=true MM=false
12-29 16:14:05.021 15286 15327 D ConnectionFactory: checkAvailableConnection: found types [ConnectionType(type = Wifi, network=502)]
12-29 16:14:05.021 15286 15327 D AbstractConnection: Checking reachability of http://:8086/ (via 502)
12-29 16:14:05.022 15286 15286 D MainActivity: onActiveCloudConnectionChanged()
12-29 16:14:05.026 15286 15286 D MainActivity: onPrimaryCloudConnectionChanged()
12-29 16:14:05.030 15286 15327 D AbstractConnection: Socket connected (attempt 0)
12-29 16:14:05.031 15286 15286 V InputMethodManager: Not IME target window, ignoring
12-29 16:14:05.031 15286 15327 D ConnectionFactory: Connecting to local URL via ConnectionType(type = Wifi, network=502)
12-29 16:14:05.031 15286 15286 D ViewRootImpl@c258ea5[MainActivity]: dispatchAttachedToWindow
12-29 16:14:05.041 15286 15286 V Surface : sf_framedrop debug : 0x4f4c, game : false, logging : 0
12-29 16:14:05.041 15286 15286 D ViewRootImpl@c258ea5[MainActivity]: Relayout returned: old=[0,0][0,0] new=[0,0][1080,1920] result=0x7 surface={valid=true 481596440576} changed=true
12-29 16:14:05.042 15286 15286 D ScrollView: onsize change changed
12-29 16:14:05.045 15286 15328 I OpenGLRenderer: Initialized EGL, version 1.4
12-29 16:14:05.045 15286 15328 D OpenGLRenderer: Swap behavior 2
12-29 16:14:05.049 15286 15328 D libGLESv1: STS_GLApi : DTS, ODTC are not allowed for Package : org.openhab.habdroid.beta
12-29 16:14:05.050 15286 15328 D mali_winsys: EGLint new_window_surface(egl_winsys_display *, void *, EGLSurface, EGLConfig, egl_winsys_surface **, egl_color_buffer_format *, EGLBoolean) returns 0x3000, [1080x1920]-format:1
12-29 16:14:05.050 15286 15328 D OpenGLRenderer: eglCreateWindowSurface = 0x70216a60a0
12-29 16:14:05.054 15286 15286 D MainActivity: onCreateOptionsMenu()
12-29 16:14:05.055 15286 15286 D MainActivity: onPrepareOptionsMenu()
12-29 16:14:05.096 15286 15286 D ViewRootImpl@c258ea5[MainActivity]: MSG_RESIZED_REPORT: frame=Rect(0, 0 - 1080, 1920) ci=Rect(0, 72 - 0, 0) vi=Rect(0, 72 - 0, 0) or=1
12-29 16:14:05.096 15286 15286 D ViewRootImpl@c258ea5[MainActivity]: MSG_WINDOW_FOCUS_CHANGED 1
12-29 16:14:05.100 15286 15286 V InputMethodManager: Starting input: tba=android.view.inputmethod.EditorInfo@29c2e2a nm : org.openhab.habdroid.beta ic=null
12-29 16:14:05.100 15286 15286 I InputMethodManager: startInputInner - mService.startInputOrWindowGainedFocus
12-29 16:14:05.106 15286 15286 D MainActivity: onActiveConnectionChanged()
12-29 16:14:05.107 15286 15286 D BackgroundTasksManager: triggerPeriodicWork()
12-29 16:14:05.112 15286 15286 D BackgroundTasksManager: Periodic workers are not needed, canceling...
12-29 16:14:05.114 15286 15286 I chatty : uid=10184(u0_a184) org.openhab.habdroid.beta identical 2 lines
12-29 16:14:05.115 15286 15286 D BackgroundTasksManager: Periodic workers are not needed, canceling...
12-29 16:14:05.115 15286 15286 D ContentController: Update to connection org.openhab.habdroid.core.connection.DefaultConnection@10ca41b (message null)
12-29 16:14:05.115 15286 15286 D PageConnectionHolderFragment: updateActiveConnections: URL list [], connection org.openhab.habdroid.core.connection.DefaultConnection@10ca41b
12-29 16:14:05.130 15286 15286 D ScrollView: initGoToTop
12-29 16:14:05.138 15286 15286 D MainActivity: onCreateOptionsMenu()
12-29 16:14:05.138 15286 15286 D MainActivity: onPrepareOptionsMenu()
12-29 16:14:05.143 15286 15286 D ScrollView: onsize change changed
12-29 16:14:05.163 15286 15286 V InputMethodManager: Starting input: tba=android.view.inputmethod.EditorInfo@23669bc nm : org.openhab.habdroid.beta ic=null
12-29 16:14:05.518 15286 15286 D MainActivity: onActiveCloudConnectionChanged()
12-29 16:14:05.518 15286 15327 D ConnectionFactory: checkAvailableConnection: found types [ConnectionType(type = Wifi, network=502)]
12-29 16:14:05.518 15286 15327 D AbstractConnection: Checking reachability of http://:8086/ (via 502)
12-29 16:14:05.519 15286 15286 D MainActivity: onPrimaryCloudConnectionChanged()
12-29 16:14:05.522 15286 15327 D AbstractConnection: Socket connected (attempt 0)
12-29 16:14:05.523 15286 15327 D ConnectionFactory: Connecting to local URL via ConnectionType(type = Wifi, network=502)
12-29 16:14:09.345 15286 15286 I ServerProperties: Server has rest api version 4
12-29 16:14:09.939 15286 15286 D ServerProperties: Server returned sitemaps: [Sitemap(name=garnhams, label=Main Menu, icon=null, homepageLink=http://:8086/rest/sitemaps/garnhams/garnhams)]
12-29 16:14:09.945 15286 15286 D MainActivity: Configured sitemap is 'garnhams', selected Sitemap(name=garnhams, label=Main Menu, icon=null, homepageLink=http://:8086/rest/sitemaps/garnhams/garnhams)
12-29 16:14:09.945 15286 15286 D ContentController: Opening sitemap Sitemap(name=garnhams, label=Main Menu, icon=null, homepageLink=http://:8086/rest/sitemaps/garnhams/garnhams) (current: null)
12-29 16:14:09.946 15286 15286 D PageConnectionHolderFragment: updateActiveConnections: URL list [], connection org.openhab.habdroid.core.connection.DefaultConnection@10ca41b
12-29 16:14:09.947 15286 15286 D PageConnectionHolderFragment: updateActiveConnections: URL list [http://:8086/rest/sitemaps/garnhams/garnhams], connection org.openhab.habdroid.core.connection.DefaultConnection@10ca41b
12-29 16:14:09.947 15286 15286 D PageConnectionHolderFragment: Creating new handler for URL http://:8086/rest/sitemaps/garnhams/garnhams
12-29 16:14:09.948 15286 15286 D PageConnectionHolderFragment: Creating new SSE helper for sitemap garnhams, page garnhams
12-29 16:14:09.948 15286 15286 D PageConnectionHolderFragment: Loading data for http://:8086/rest/sitemaps/garnhams/garnhams, long polling false
12-29 16:14:09.963 15286 15286 D ViewRootImpl@c258ea5[MainActivity]: Relayout returned: old=[0,0][1080,1920] new=[0,0][1080,1920] result=0x1 surface={valid=true 481596440576} changed=false
12-29 16:14:10.372 15286 15286 D PageConnectionHolderFragment: Updated page data for URL http://:8086/rest/sitemaps/garnhams/garnhams (2 widgets)
12-29 16:14:10.373 15286 15286 D ContentController: Got update for URL http://:8086/rest/sitemaps/garnhams/garnhams, pending [http://:8086/rest/sitemaps/garnhams/garnhams]
12-29 16:14:10.411 15286 15286 D WidgetListFragment: onViewCreated() http://:8086/rest/sitemaps/garnhams/garnhams
12-29 16:14:10.422 15286 15286 D WidgetListFragment: onStart() http://:8086/rest/sitemaps/garnhams/garnhams
12-29 16:14:10.422 15286 15286 D PageConnectionHolderFragment: Trigger update for URL http://:8086/rest/sitemaps/garnhams/garnhams, force false
12-29 16:14:10.423 15286 15286 D ContentController: Got update for URL http://:8086/rest/sitemaps/garnhams/garnhams, pending []
12-29 16:14:10.477 15286 15286 I WidgetImageView: Refreshing image at http://:8086/icon/text?format=SVG&anyFormat=true, avoidCache false
12-29 16:14:34.541 15286 15286 V InputMethodManager: Starting input: tba=android.view.inputmethod.EditorInfo@7ee6ae4 nm : org.openhab.habdroid.beta ic=null
12-29 16:14:34.542 15286 15286 I InputMethodManager: startInputInner - mService.startInputOrWindowGainedFocus
12-29 16:14:35.006 15286 15286 D MainActivity: onPause()
12-29 16:14:35.007 15286 15286 D WidgetListFragment: onPause() http://:8086/rest/sitemaps/garnhams/garnhams
12-29 16:14:35.012 15286 15286 I am_on_paused_called: [0,org.openhab.habdroid.ui.MainActivity,handlePauseActivity]
12-29 16:14:35.081 15286 15286 D MainActivity: onSaveInstanceState()
12-29 16:14:35.081 15286 15286 D ContentController: onSaveInstanceState()
12-29 16:14:35.086 15286 15286 D MainActivity: onStop()
12-29 16:14:35.087 15286 15286 D PageConnectionHolderFragment: onStop()
12-29 16:14:35.087 15286 15286 D PageConnectionHolderFragment: Canceling connection for URL http://:8086/rest/sitemaps/garnhams/garnhams
12-29 16:14:35.092 15286 15286 I am_on_stop_called: [0,org.openhab.habdroid.ui.MainActivity,sleeping]
12-29 16:14:35.799 15286 15286 D ViewRootImpl@c258ea5[MainActivity]: performDraw() was skipped by AOD_SHOW_STATE... DisplayState=3
12-29 16:14:36.037 15286 15286 D ViewRootImpl@c258ea5[MainActivity]: MSG_WINDOW_FOCUS_CHANGED 0
12-29 16:18:19.310 15286 15286 D MainActivity: onStart()
12-29 16:18:19.313 15286 15286 D PageConnectionHolderFragment: onStart(), started false
12-29 16:18:19.313 15286 15286 D PageConnectionHolderFragment: Loading data for http://:8086/rest/sitemaps/garnhams/garnhams, long polling false
12-29 16:18:19.314 15286 15286 D WidgetListFragment: onStart() http://:8086/rest/sitemaps/garnhams/garnhams
12-29 16:18:19.314 15286 15286 D PageConnectionHolderFragment: Trigger update for URL http://:8086/rest/sitemaps/garnhams/garnhams, force false
12-29 16:18:19.314 15286 15286 D ContentController: Got update for URL http://:8086/rest/sitemaps/garnhams/garnhams, pending []
12-29 16:18:19.335 15286 15286 D MainActivity: onActiveConnectionChanged()
12-29 16:18:19.356 15286 15286 D MainActivity: Cannot auto select server: No server with configured wifi
12-29 16:18:19.365 15286 15327 D ConnectionFactory: checkAvailableConnection: found types [ConnectionType(type = Wifi, network=502)]
12-29 16:18:19.365 15286 15327 D AbstractConnection: Checking reachability of http://:8086/ (via 502)
12-29 16:18:19.377 15286 15327 D AbstractConnection: Socket connected (attempt 0)
12-29 16:18:19.378 15286 15327 D ConnectionFactory: Connecting to local URL via ConnectionType(type = Wifi, network=502)
12-29 16:18:19.394 15286 15286 D MainActivity: onResume()
12-29 16:18:19.416 15286 15291 I zygote64: Do partial code cache collection, code=29KB, data=27KB
12-29 16:18:19.416 15286 15291 I zygote64: After code cache collection, code=29KB, data=27KB
12-29 16:18:19.417 15286 15291 I zygote64: Increasing code cache capacity to 128KB
12-29 16:18:19.424 15286 15286 I am_on_resume_called: [0,org.openhab.habdroid.ui.MainActivity,RESUME_ACTIVITY]
12-29 16:18:19.426 15286 15286 D ViewRootImpl@c258ea5[MainActivity]: MSG_RESIZED_REPORT: frame=Rect(0, 0 - 1080, 1920) ci=Rect(0, 72 - 0, 0) vi=Rect(0, 72 - 0, 0) or=1
12-29 16:18:19.427 15286 15286 D MainActivity: onActiveCloudConnectionChanged()
12-29 16:18:19.429 15286 15286 D MainActivity: onPrimaryCloudConnectionChanged()
12-29 16:18:19.439 15286 15286 D ViewRootImpl@c258ea5[MainActivity]: Relayout returned: old=[0,0][1080,1920] new=[0,0][1080,1920] result=0x3 surface={valid=true 481596440576} changed=false
12-29 16:18:19.518 15286 15286 D PageConnectionHolderFragment: Updated page data for URL http://:8086/rest/sitemaps/garnhams/garnhams (2 widgets)
12-29 16:18:19.518 15286 15286 D ContentController: Got update for URL http://:8086/rest/sitemaps/garnhams/garnhams, pending []
12-29 16:18:19.687 15286 15286 D ViewRootImpl@c258ea5[MainActivity]: MSG_WINDOW_FOCUS_CHANGED 1
12-29 16:18:19.689 15286 15286 V InputMethodManager: Starting input: tba=android.view.inputmethod.EditorInfo@e66542d nm : org.openhab.habdroid.beta ic=null
12-29 16:18:19.689 15286 15286 I InputMethodManager: startInputInner - mService.startInputOrWindowGainedFocus
12-29 16:18:20.834 15286 15286 D ViewRootImpl@c258ea5[MainActivity]: ViewPostIme pointer 0
12-29 16:18:21.016 15286 15286 D ViewRootImpl@c258ea5[MainActivity]: ViewPostIme pointer 1
12-29 16:18:21.020 15286 15286 D MainActivity: onOptionsItemSelected()
12-29 16:18:21.067 15286 15286 V InputMethodManager: Starting input: tba=android.view.inputmethod.EditorInfo@489edc nm : org.openhab.habdroid.beta ic=null
12-29 16:18:21.067 15286 15286 I InputMethodManager: startInputInner - mService.startInputOrWindowGainedFocus
12-29 16:18:24.500 15286 15286 D ViewRootImpl@c258ea5[MainActivity]: ViewPostIme pointer 0
12-29 16:18:24.640 15286 15286 D ViewRootImpl@c258ea5[MainActivity]: ViewPostIme pointer 1
12-29 16:18:24.672 15286 15286 D MainActivity: onPause()
12-29 16:18:24.673 15286 15286 D WidgetListFragment: onPause() http://:8086/rest/sitemaps/garnhams/garnhams
12-29 16:18:24.674 15286 15286 I am_on_paused_called: [0,org.openhab.habdroid.ui.MainActivity,handlePauseActivity]
12-29 16:18:24.691 15286 15286 D skia : --- SkAndroidCodec::NewFromStream returned null
12-29 16:18:24.698 15286 15286 I AppCompatViewInflater: app:theme is now deprecated. Please move to using android:theme instead.
12-29 16:18:24.713 15286 15286 I am_on_resume_called: [0,org.openhab.habdroid.ui.AboutActivity,LAUNCH_ACTIVITY]
12-29 16:18:24.716 15286 15286 D ViewRootImpl@6a583be[AboutActivity]: setView = DecorView@5912c1f[AboutActivity] TM=true MM=false
12-29 16:18:24.718 15286 15286 D ViewRootImpl@c258ea5[MainActivity]: MSG_WINDOW_FOCUS_CHANGED 0
12-29 16:18:24.719 15286 15286 V InputMethodManager: Not IME target window, ignoring
12-29 16:18:24.719 15286 15286 D ViewRootImpl@6a583be[AboutActivity]: dispatchAttachedToWindow
12-29 16:18:24.726 15286 15286 V Surface : sf_framedrop debug : 0x4f4c, game : false, logging : 0
12-29 16:18:24.726 15286 15286 D ViewRootImpl@6a583be[AboutActivity]: Relayout returned: old=[0,0][0,0] new=[0,0][1080,1920] result=0x7 surface={valid=true 481537052672} changed=true
12-29 16:18:24.728 15286 15328 D mali_winsys: EGLint new_window_surface(egl_winsys_display *, void *, EGLSurface, EGLConfig, egl_winsys_surface **, egl_color_buffer_format *, EGLBoolean) returns 0x3000, [1080x1920]-format:1
12-29 16:18:24.728 15286 15328 D OpenGLRenderer: eglCreateWindowSurface = 0x70216a9020
12-29 16:18:24.810 15286 15286 D ViewRootImpl@6a583be[AboutActivity]: MSG_RESIZED_REPORT: frame=Rect(0, 0 - 1080, 1920) ci=Rect(0, 72 - 0, 0) vi=Rect(0, 72 - 0, 0) or=1
12-29 16:18:24.810 15286 15286 D ViewRootImpl@6a583be[AboutActivity]: MSG_WINDOW_FOCUS_CHANGED 1
12-29 16:18:24.821 15286 15286 V InputMethodManager: Starting input: tba=android.view.inputmethod.EditorInfo@fb0d382 nm : org.openhab.habdroid.beta ic=null
12-29 16:18:24.821 15286 15286 I InputMethodManager: startInputInner - mService.startInputOrWindowGainedFocus
12-29 16:18:24.851 15286 15328 D OpenGLRenderer: eglDestroySurface = 0x70216a60a0
12-29 16:18:24.852 15286 15328 D OpenGLRenderer: endAllActiveAnimators on 0x701d168000 (NavigationMenuItemView) with handle 0x70217bc0c0
12-29 16:18:24.854 15286 15286 D ViewRootImpl@c258ea5[MainActivity]: Relayout returned: old=[0,0][1080,1920] new=[0,0][1080,1920] result=0x5 surface={valid=false 0} changed=true
12-29 16:18:25.226 15286 15286 D MainActivity: onSaveInstanceState()
12-29 16:18:25.226 15286 15286 D ContentController: onSaveInstanceState()
12-29 16:18:25.236 15286 15286 D MainActivity: onStop()
12-29 16:18:25.236 15286 15286 D PageConnectionHolderFragment: onStop()
12-29 16:18:25.236 15286 15286 D PageConnectionHolderFragment: Canceling connection for URL http://:8086/rest/sitemaps/garnhams/garnhams
12-29 16:18:25.237 15286 15286 I am_on_stop_called: [0,org.openhab.habdroid.ui.MainActivity,handleStopActivity]
12-29 16:18:25.241 15286 15286 D ViewRootImpl@c258ea5[MainActivity]: Relayout returned: old=[0,0][1080,1920] new=[0,0][1080,1920] result=0x1 surface={valid=false 0} changed=false
12-29 16:18:25.636 15286 15286 D ViewRootImpl@6a583be[AboutActivity]: ViewPostIme pointer 0
12-29 16:18:25.745 15286 15286 D ViewRootImpl@6a583be[AboutActivity]: ViewPostIme pointer 1
12-29 16:18:26.256 15286 15286 D ViewRootImpl@6a583be[AboutActivity]: ViewPostIme pointer 0
12-29 16:18:26.456 15286 15286 D ViewRootImpl@6a583be[AboutActivity]: ViewPostIme pointer 1
12-29 16:18:28.328 15286 15286 D ViewRootImpl@6a583be[AboutActivity]: ViewPostIme pointer 0
12-29 16:18:28.383 15286 15291 I zygote64: Do partial code cache collection, code=60KB, data=54KB
12-29 16:18:28.384 15286 15291 I zygote64: After code cache collection, code=60KB, data=54KB
12-29 16:18:28.384 15286 15291 I zygote64: Increasing code cache capacity to 256KB
12-29 16:18:29.343 15286 15286 D ViewRootImpl@6a583be[AboutActivity]: ViewPostIme pointer 1
12-29 16:18:30.019 15286 15286 D ViewRootImpl@6a583be[AboutActivity]: ViewPostIme pointer 0
12-29 16:18:33.895 15286 15286 D ViewRootImpl@6a583be[AboutActivity]: ViewPostIme pointer 1
12-29 16:18:36.699 15286 15286 D ViewRootImpl@6a583be[AboutActivity]: ViewPostIme pointer 0
12-29 16:18:36.963 15286 15286 D ViewRootImpl@6a583be[AboutActivity]: ViewPostIme pointer 1
12-29 16:18:38.182 15286 15286 D ViewRootImpl@6a583be[AboutActivity]: ViewPostIme pointer 0
12-29 16:18:38.356 15286 15286 D ViewRootImpl@6a583be[AboutActivity]: ViewPostIme pointer 1
12-29 16:18:38.369 15286 15286 I am_on_paused_called: [0,org.openhab.habdroid.ui.AboutActivity,handlePauseActivity]
12-29 16:18:38.394 15286 15286 D ViewRootImpl@6a583be[AboutActivity]: MSG_WINDOW_FOCUS_CHANGED 0
12-29 16:18:38.396 15286 15286 D MainActivity: onStart()
12-29 16:18:38.396 15286 15286 D PageConnectionHolderFragment: onStart(), started false
12-29 16:18:38.396 15286 15286 D PageConnectionHolderFragment: Loading data for http://:8086/rest/sitemaps/garnhams/garnhams, long polling false
12-29 16:18:38.397 15286 15286 D WidgetListFragment: onStart() http://:8086/rest/sitemaps/garnhams/garnhams
12-29 16:18:38.397 15286 15286 D PageConnectionHolderFragment: Trigger update for URL http://:8086/rest/sitemaps/garnhams/garnhams, force false
12-29 16:18:38.397 15286 15286 D ContentController: Got update for URL http://:8086/rest/sitemaps/garnhams/garnhams, pending []
12-29 16:18:38.403 15286 15286 D MainActivity: onActiveConnectionChanged()
12-29 16:18:38.407 15286 15286 D MainActivity: Cannot auto select server: No server with configured wifi
12-29 16:18:38.407 15286 15286 D MainActivity: onResume()
12-29 16:18:38.412 15286 15286 I am_on_resume_called: [0,org.openhab.habdroid.ui.MainActivity,RESUME_ACTIVITY]
12-29 16:18:38.416 15286 15327 D ConnectionFactory: checkAvailableConnection: found types [ConnectionType(type = Wifi, network=502)]
12-29 16:18:38.416 15286 15327 D AbstractConnection: Checking reachability of http://:8086/ (via 502)
12-29 16:18:38.420 15286 15327 D AbstractConnection: Socket connected (attempt 0)
12-29 16:18:38.421 15286 15327 D ConnectionFactory: Connecting to local URL via ConnectionType(type = Wifi, network=502)
12-29 16:18:38.423 15286 15286 V Surface : sf_framedrop debug : 0x4f4c, game : false, logging : 0
12-29 16:18:38.423 15286 15286 D ViewRootImpl@c258ea5[MainActivity]: Relayout returned: old=[0,0][1080,1920] new=[0,0][1080,1920] result=0x7 surface={valid=true 481596440576} changed=true
12-29 16:18:38.425 15286 15328 D mali_winsys: EGLint new_window_surface(egl_winsys_display *, void *, EGLSurface, EGLConfig, egl_winsys_surface **, egl_color_buffer_format *, EGLBoolean) returns 0x3000, [1080x1920]-format:1
12-29 16:18:38.425 15286 15328 D OpenGLRenderer: eglCreateWindowSurface = 0x70216aa6a0
12-29 16:18:38.440 15286 15286 D ViewRootImpl@c258ea5[MainActivity]: MSG_WINDOW_FOCUS_CHANGED 1
12-29 16:18:38.450 15286 15286 V InputMethodManager: Starting input: tba=android.view.inputmethod.EditorInfo@30dc1a9 nm : org.openhab.habdroid.beta ic=null
12-29 16:18:38.450 15286 15286 I InputMethodManager: startInputInner - mService.startInputOrWindowGainedFocus
12-29 16:18:38.451 15286 15286 D MainActivity: onActiveCloudConnectionChanged()
12-29 16:18:38.455 15286 15286 D MainActivity: onPrimaryCloudConnectionChanged()
12-29 16:18:38.463 15286 15286 D PageConnectionHolderFragment: Updated page data for URL http://:8086/rest/sitemaps/garnhams/garnhams (2 widgets)
12-29 16:18:38.464 15286 15286 D ContentController: Got update for URL http://:8086/rest/sitemaps/garnhams/garnhams, pending []
12-29 16:18:38.472 15286 15328 D OpenGLRenderer: eglDestroySurface = 0x70216a9020
12-29 16:18:38.472 15286 15328 D OpenGLRenderer: endAllActiveAnimators on 0x701dd84c00 (RippleDrawable) with handle 0x70216278e0
12-29 16:18:38.475 15286 15286 D ViewRootImpl@6a583be[AboutActivity]: Relayout returned: old=[0,0][1080,1920] new=[0,0][1080,1920] result=0x5 surface={valid=false 0} changed=true
12-29 16:18:38.868 15286 15286 I am_on_stop_called: [0,org.openhab.habdroid.ui.AboutActivity,destroy]
12-29 16:18:38.902 15286 15286 D ViewRootImpl@6a583be[AboutActivity]: dispatchDetachedFromWindow
12-29 16:18:38.902 15286 15286 D InputEventReceiver: channel '54432f8 org.openhab.habdroid.beta/org.openhab.habdroid.ui.AboutActivity (client)' ~ Disposing input event receiver.
12-29 16:18:38.902 15286 15286 D InputEventReceiver: channel '54432f8 org.openhab.habdroid.beta/org.openhab.habdroid.ui.AboutActivity (client)' ~NativeInputEventReceiver.
12-29 16:18:40.292 15286 15286 D ViewRootImpl@c258ea5[MainActivity]: ViewPostIme pointer 0
12-29 16:18:40.483 15286 15286 D ViewRootImpl@c258ea5[MainActivity]: ViewPostIme pointer 1
12-29 16:18:40.484 15286 15286 D MainActivity: onOptionsItemSelected()
12-29 16:18:45.349 15286 15286 D ViewRootImpl@c258ea5[MainActivity]: ViewPostIme pointer 0
12-29 16:18:45.521 15286 15286 D ViewRootImpl@c258ea5[MainActivity]: ViewPostIme pointer 1
12-29 16:18:45.546 15286 15286 D MainActivity: onPause()
12-29 16:18:45.546 15286 15286 D WidgetListFragment: onPause() http://:8086/rest/sitemaps/garnhams/garnhams
12-29 16:18:45.547 15286 15286 I am_on_paused_called: [0,org.openhab.habdroid.ui.MainActivity,handlePauseActivity]
12-29 16:18:45.563 15286 15286 D skia : --- SkAndroidCodec::NewFromStream returned null
12-29 16:18:45.569 15286 15286 I AppCompatViewInflater: app:theme is now deprecated. Please move to using android:theme instead.
12-29 16:18:45.580 15286 15286 I Ringtone: Change URI : content://settings/system/notification_sound to content://media/internal/audio/media/35, type : 2
12-29 16:18:45.584 15286 15286 I MediaPlayer: Need to enable context aware info
12-29 16:18:45.584 15286 15286 V MediaPlayer-JNI: native_setup
12-29 16:18:45.585 15286 15286 V MediaPlayerNative: constructor
12-29 16:18:45.586 15286 15286 V MediaPlayerNative: setListener
12-29 16:18:45.588 15286 15286 I Ringtone: Internal uri : content://settings/system/notification_sound
12-29 16:18:45.588 15286 15286 D RingtoneManager: getActualDefaultRingtoneUri type :2
12-29 16:18:45.589 15286 15286 D RingtoneManager: Current soundfile is in intenal storage
12-29 16:18:45.601 15286 15286 V MediaPlayer-JNI: setDataSourceFD: fd 84
12-29 16:18:45.601 15286 15286 V MediaPlayerNative: setDataSource(84, 0, 576460752303423487)
12-29 16:18:45.614 15286 15286 V MediaPlayer-JNI: setParameter: key 1400
12-29 16:18:45.614 15286 15286 V MediaPlayerNative: MediaPlayer::setParameter(1400)
12-29 16:18:45.615 15286 15286 V MediaPlayer-JNI: setAudioStreamType: 2
12-29 16:18:45.615 15286 15286 V MediaPlayerNative: MediaPlayer::setAudioStreamType
12-29 16:18:45.615 15286 15286 V MediaPlayer-JNI: setVolume: left 1.000000 right 1.000000
12-29 16:18:45.615 15286 15286 V MediaPlayerNative: MediaPlayer::setVolume(1.000000, 1.000000)
12-29 16:18:45.615 15286 15286 V MediaPlayer-JNI: setLooping: 0
12-29 16:18:45.615 15286 15286 V MediaPlayerNative: MediaPlayer::setLooping
12-29 16:18:45.615 15286 15286 V MediaPlayerNative: setVideoSurfaceTexture
12-29 16:18:45.615 15286 15286 V MediaPlayerNative: prepare
12-29 16:18:45.635 15286 15298 V MediaPlayerNative: message received msg=200, ext1=10973, ext2=0
12-29 16:18:45.635 15286 15298 W MediaPlayerNative: info/warning (10973, 0)
12-29 16:18:45.635 15286 15298 V MediaPlayerNative: callback application
12-29 16:18:45.636 15286 15298 V MediaPlayerNative: back from callback
12-29 16:18:45.636 15286 15298 V MediaPlayerNative: message received msg=1, ext1=0, ext2=0
12-29 16:18:45.636 15286 15298 V MediaPlayerNative: MediaPlayer::notify() prepared
12-29 16:18:45.636 15286 15298 V MediaPlayerNative: signal application thread
12-29 16:18:45.636 15286 15298 V MediaPlayerNative: callback application
12-29 16:18:45.636 15286 15298 V MediaPlayerNative: back from callback
12-29 16:18:45.636 15286 15286 V MediaPlayerNative: prepare complete - status=0
12-29 16:18:45.637 15286 15286 V MediaPlayerNative: invoke 68
12-29 16:18:45.640 15286 15286 D Ringtone: Successfully created local player
12-29 16:18:45.640 15286 15286 D RingtoneManager: getActualDefaultRingtoneUri type :2
12-29 16:18:45.640 15286 15286 D RingtoneManager: Current soundfile is in intenal storage
12-29 16:18:45.661 15286 15286 D PreferencesActivity: Removing notification prefs for < 25
12-29 16:18:45.676 15286 15286 I am_on_resume_called: [0,org.openhab.habdroid.ui.PreferencesActivity,LAUNCH_ACTIVITY]
12-29 16:18:45.680 15286 15286 D ViewRootImpl@10db376[PreferencesActivity]: setView = DecorView@2c78d77[PreferencesActivity] TM=true MM=false
12-29 16:18:45.681 15286 15286 D ViewRootImpl@c258ea5[MainActivity]: MSG_WINDOW_FOCUS_CHANGED 0
12-29 16:18:45.683 15286 15286 V InputMethodManager: Not IME target window, ignoring
12-29 16:18:45.683 15286 15286 D ViewRootImpl@10db376[PreferencesActivity]: dispatchAttachedToWindow
12-29 16:18:45.690 15286 15286 V Surface : sf_framedrop debug : 0x4f4c, game : false, logging : 0
12-29 16:18:45.690 15286 15286 D ViewRootImpl@10db376[PreferencesActivity]: Relayout returned: old=[0,0][0,0] new=[0,0][1080,1920] result=0x7 surface={valid=true 481544163328} changed=true
12-29 16:18:45.691 15286 15328 D mali_winsys: EGLint new_window_surface(egl_winsys_display *, void *, EGLSurface, EGLConfig, egl_winsys_surface **, egl_color_buffer_format *, EGLBoolean) returns 0x3000, [1080x1920]-format:1
12-29 16:18:45.691 15286 15328 D OpenGLRenderer: eglCreateWindowSurface = 0x70216a9020
12-29 16:18:45.752 15286 15286 V MediaPlayerNative: invoke 68
12-29 16:18:45.782 15286 15286 D ViewRootImpl@10db376[PreferencesActivity]: MSG_RESIZED_REPORT: frame=Rect(0, 0 - 1080, 1920) ci=Rect(0, 72 - 0, 0) vi=Rect(0, 72 - 0, 0) or=1
12-29 16:18:45.782 15286 15286 D ViewRootImpl@10db376[PreferencesActivity]: MSG_WINDOW_FOCUS_CHANGED 1
12-29 16:18:45.787 15286 15286 V InputMethodManager: Starting input: tba=android.view.inputmethod.EditorInfo@c0e38d4 nm : org.openhab.habdroid.beta ic=null
12-29 16:18:45.787 15286 15286 I InputMethodManager: startInputInner - mService.startInputOrWindowGainedFocus
12-29 16:18:45.801 15286 15328 D OpenGLRenderer: eglDestroySurface = 0x70216aa6a0
12-29 16:18:45.801 15286 15328 D OpenGLRenderer: endAllActiveAnimators on 0x70201a1400 (NavigationMenuItemView) with handle 0x7021ce0ca0
12-29 16:18:45.803 15286 15286 D ViewRootImpl@c258ea5[MainActivity]: Relayout returned: old=[0,0][1080,1920] new=[0,0][1080,1920] result=0x5 surface={valid=false 0} changed=true
12-29 16:18:46.162 15286 15291 I zygote64: Do full code cache collection, code=126KB, data=86KB
12-29 16:18:46.163 15286 15291 I zygote64: After code cache collection, code=113KB, data=69KB
12-29 16:18:46.200 15286 15286 D MainActivity: onSaveInstanceState()
12-29 16:18:46.200 15286 15286 D ContentController: onSaveInstanceState()
12-29 16:18:46.201 15286 15286 D MainActivity: onStop()
12-29 16:18:46.201 15286 15286 D PageConnectionHolderFragment: onStop()
12-29 16:18:46.201 15286 15286 D PageConnectionHolderFragment: Canceling connection for URL http://:8086/rest/sitemaps/garnhams/garnhams
12-29 16:18:46.202 15286 15286 I am_on_stop_called: [0,org.openhab.habdroid.ui.MainActivity,handleStopActivity]
12-29 16:18:46.213 15286 15286 D ViewRootImpl@c258ea5[MainActivity]: Relayout returned: old=[0,0][1080,1920] new=[0,0][1080,1920] result=0x1 surface={valid=false 0} changed=false
12-29 16:18:46.373 15286 15286 D ViewRootImpl@10db376[PreferencesActivity]: ViewPostIme pointer 0
12-29 16:18:46.489 15286 15286 D ViewRootImpl@10db376[PreferencesActivity]: ViewPostIme pointer 1
12-29 16:18:46.535 15286 15286 W ListPreference: Setting a summary with a String formatting marker is no longer supported. You should use a SummaryProvider instead.
12-29 16:18:48.551 15286 15286 D ViewRootImpl@10db376[PreferencesActivity]: ViewPostIme pointer 0
12-29 16:18:48.676 15286 15286 D ViewRootImpl@10db376[PreferencesActivity]: ViewPostIme pointer 1
12-29 16:18:48.723 15286 15286 I am_on_paused_called: [0,org.openhab.habdroid.ui.PreferencesActivity,handlePauseActivity]
12-29 16:18:48.746 15286 15286 D skia : --- SkAndroidCodec::NewFromStream returned null
12-29 16:18:48.762 15286 15286 I AppCompatViewInflater: app:theme is now deprecated. Please move to using android:theme instead.
